 - 212*i - 138 = -2*j, i = -6*j + 94. What is the highest common divisor of h and i?
32
Let o be -1*(-97 + -2) + (-138)/46. Calculate the greatest common factor of o and 6816.
96
Let m = 9 + -9. Let o be m - (-4 + (-2 - -4)). Suppose i + 4*z + 15 = 2*i, -o*i + 2*z + 12 = 0. What is the highest common factor of i and 15?
3
Let s(d) = 4*d**2 - 2*d - 2. Let w be s(4). Let p = 55 - w. What is the highest common factor of 7 and p?
1
Let m be (4/(-12))/((-2)/(-294)). Let r = -44 - m. Let k be 25 - 0*(0 - 1). Calculate the greatest common divisor of r and k.
5
Let k = -9774 + 10030. Calculate the greatest common divisor of k and 96.
32
Let m be -2*(-5)/(-10)*-1217*-1. Let o = -847 - m. Calculate the greatest common divisor of o and 148.
74
Let j be 1/(2/114 - 0). Let k = j + -27. Let o be -2*4/(-8) + k. Calculate the greatest common divisor of o and 155.
31
Let d = 3405 - 3378. Let r be 124/7 + 8/28. What is the greatest common divisor of d and r?
9
Suppose -5*f = -4*a + 102, 0 = -2*a - 7*f + 9*f + 52. Let h(v) = v**2 + 8*v + 3. Let d be h(-7). Let m = 256 + d. What is the highest common factor of a and m?
28
Suppose -18 - 147 = -4*f + 147. What is the greatest common factor of f and 606?
6
Suppose a = -k + 3, -7 - 8 = -4*a - 5*k. Let p(n) = -2*n**3 + n**2 + 2*n + 285. Let h be p(a). What is the greatest common divisor of h and 45?
15
Let u be (((-56)/(-12))/(-7))/(-10 + (-31339)/(-3135)). What is the greatest common factor of u and 988?
38
Suppose 528*q + 3*a + 33 = 529*q, -60 = -3*q - 4*a. What is the highest common factor of q and 1284?
12
Suppose 2466 = 4*b + 5*x, -2*b + x = b - 1859. Let r = b + -615. What is the highest common divisor of 52 and r?
4
Let c = 9573 + -8523. Calculate the highest common factor of 1350 and c.
150
Let t = 15844 - 13838. Calculate the highest common divisor of t and 34.
34
Let b be 1*(-2 - -1) + -72. Suppose 568 + 530 = -15*l + 243. Let s = l - b. Calculate the highest common divisor of s and 112.
16
Suppose -7*u + 831 = n, 468*n + 97 = u + 467*n. Suppose -3*g - 3*j = -9, -j + 17 = 4*g - 2*j. Calculate the greatest common divisor of u and g.
4
Let d be -1 + (603/117 - (-2)/(-13)). Suppose -2*g + 188 = 5*a, 122 = d*g + 5*a - 264. What is the highest common factor of g and 11?
11
Let o(r) = 273*r - 99. Let v be o(11). What is the highest common divisor of v and 24?
24
Let m = 2 + -4. Let o be (-6)/4 - 19/m. Suppose 8938 = 105*d + 2218. Calculate the greatest common divisor of o and d.
8
Suppose -268*y = -270*y + 90. Suppose -y = -3*c + 3*i, 0*i + i + 28 = 2*c. What is the greatest common factor of c and 104?
13
Let y be 6 - ((-462)/(-88) + -15)/(1/8). Let t be 480/4*(-4)/(-10). What is the greatest common divisor of t and y?
12
Suppose 1 = r - 3. Let b = -216 + 217. Let c be ((2 - 0) + b)*(-59)/(-177). Calculate the highest common divisor of c and r.
1
Let t(h) = h**2 + 19*h - 11. Let z be t(-19). Let g be 3*(4 - z/(165/10)). What is the greatest common divisor of 994 and g?
14
Suppose -4*g = -17*z + 15*z - 152, 5*z - 49 = -g. What is the highest common divisor of g and 3471?
39
Suppose 109 + 77 = 9*f - 30. What is the highest common divisor of f and 3294?
6
Let k = 233 + -167. Suppose 72 = 72*j - k*j. What is the highest common factor of 144 and j?
12
Suppose -12*y + 5691 = 4*p - 645, -4*y = -p - 2133. Suppose 4*u - 36 = 2*u. Calculate the highest common factor of y and u.
9
Let t = 71 + 69. Let y = 66 - 26. Calculate the highest common factor of y and t.
20
Let g be (232/(-3))/2*-192 - (-6 - -14). What is the greatest common divisor of 72 and g?
72
Let i be (-315)/(-210)*(-63076)/(-6). Calculate the greatest common divisor of i and 13.
13
Let s(c) = 229*c + 447. Let u be s(28). Calculate the greatest common divisor of 19 and u.
19
Let v(j) = -62 + 97 + 27*j - 10*j**2 + 13*j**2. Let h be v(-10). Calculate the highest common divisor of h and 5.
5
Let z be ((-5)/(-4))/(9/(-432)*2). Let a(i) = -2*i**2 - 61*i - 6. Let q be a(z). What is the highest common factor of q and 72?
24
Suppose 1 = -11*x - 175. Let j be 1 - (-168)/x*(-2)/(-1). Let d be j - -230 - (2 - -1). What is the highest common divisor of d and 23?
23
Suppose 7*i - 2690 = 2*i - r, -1083 = -2*i + r. What is the greatest common factor of 88 and i?
11
Suppose -1449 = 5*c - 8*c. Let s = 923 - c. Suppose 0 = -2*p + 13*p - 440. Calculate the greatest common factor of s and p.
40
Let k = 1034 - 1029. Suppose -k*g + 113 - 107 = 3*q, g = -q. Suppose 3*f = -f - 4*t + 52, 3*f + 5*t = 47. What is the highest common divisor of f and g?
3
Suppose 8 = -174*t + 176*t. Suppose 2*o - 82 = t*m, -m = 2*o - 72 + 10. Calculate the highest common factor of 33 and o.
33
Let q be (40/30)/(368/276). Suppose -15 = 2*j - 7*j. Calculate the highest common factor of q and j.
1
Let c(r) = 87*r**2 + 1655*r - 3294. Let i be c(2). Let k be (0 + 42)*4/6. What is the highest common factor of i and k?
28
Suppose 0 = 4*z + 2*p - 14807 - 2195, -z + 4254 = -3*p. What is the highest common factor of z and 39?
39
Let w = 13421 + -13353. Calculate the highest common factor of w and 316.
4
Let v be (-16)/(63 + 1)*(1 - 85) - 1. What is the highest common factor of 1490 and v?
10
Let a = 249 - 60. Suppose 3*b - 3*j - 26 = 52, b = -2*j + 29. Calculate the highest common divisor of b and a.
27
Suppose 4*w - 317 = s, -2*w + 78 = -s - 81. Calculate the highest common factor of w and 15247.
79
Suppose 0 = 3425*c - 3386*c - 19227. Calculate the greatest common divisor of c and 119.
17
Let l(c) = 2*c**2 + 13*c + 29. Let j be l(-7). Suppose j*s - 536 - 112 = 0. What is the greatest common factor of 24 and s?
6
Let q = 2518 - 2284. What is the highest common divisor of q and 182?
26
Suppose 3*m - 54 = -l, 5*l + 0*l - 222 = -3*m. Suppose -l = -3*x - 6. Let w be x/(-4) - -32 - 2. What is the greatest common divisor of 9 and w?
9
Suppose 0 = 43*l + 35*l - 509429 - 105991. What is the greatest common divisor of 30 and l?
30
Let j = -101 + 192. Calculate the greatest common factor of j and 182.
91
Suppose 4595*u - 270 = 4586*u. Calculate the highest common factor of 8940 and u.
30
Let j = 51 - 37. Let k be 3*(-19 + 3 + 1). Let g = 87 + k. Calculate the greatest common factor of j and g.
14
Suppose -u - 8 = 2*o + 5, -3*u - 6 = -5*o. Let z be (-14)/u + -2 + 4. Let i = -108 + 136. Calculate the greatest common divisor of i and z.
4
Let f(y) = -12*y**2 - 44*y + 9. Let r be f(-3). What is the greatest common factor of 748 and r?
11
Let d = -245 - 8. Let p = 358 + d. Calculate the highest common divisor of 140 and p.
35
Let g be -54*(1 - 15/20*2). Let u = 54 - g. Calculate the highest common factor of 216 and u.
27
Suppose -57*q = -59*q - 48. Let h be 2*((-6)/(-1))/(q/(-6)). Let x(l) = 4*l - 8. Let a be x(h). Calculate the greatest common factor of 72 and a.
4
Let t be 625/40*8 - 20/(-5). Calculate the highest common divisor of t and 2.
1
Let h = 1667 - 2805. Let m be 6/15 - h*(-4)/(-20). Calculate the greatest common divisor of 12 and m.
12
Let w(f) = 5*f**2 + 2*f. Let z be w(4). Suppose 0 = -73749*g + 73772*g - 5060. What is the highest common factor of z and g?
44
Let u(v) = 40*v**3 - 7*v**2 + 10*v - 4. Let y be u(1). Calculate the highest common divisor of y and 468.
39
Let a be 4257/258 + ((-2)/4 - 0). Let r be (-8524)/(-28) + a/28. Calculate the highest common divisor of 183 and r.
61
Suppose 2*q - 260 = -12*b + 8*b, q = 5*b + 137. Let l(a) = -a + 44. Let c be l(0). What is the highest common divisor of c and q?
44
Let h(z) = z**3 + 31*z**2 + 219*z - 147. Let m be h(-15). Let p = -20 + 32. Calculate the greatest common divisor of m and p.
12
Let z(i) = 24*i + 1537. Let c be z(0). What is the greatest common factor of c and 53?
53
Suppose -7*y + 144 - 39 = 0. What is the highest common factor of y and 3405?
15
Suppose 5*h = -5*u + 8940, -4*u = 10*h - 3102 - 4068. Calculate the highest common divisor of u and 70.
35
Let x = 8 + -6. Suppose -a = -5*i + 9, a + 3559 - 3566 = -3*i. Calculate the highest common divisor of x and i.
2
Let f(h) be the second derivative of -4*h + 2*h**2 + 0 - 5/6*h**3. Let t be f(-4). What is the highest common divisor of t and 36?
12
Let b be (-4)/7 + 5391/63. Let v = 190 - b. Let n be ((-6)/4)/((-2)/20). What is the highest common divisor of n and v?
15
Suppose 2981 = -3*k + 10319. Suppose